- 2. Let a be j(c). What is i(a)?
1
Let p(u) = -1 + 0*u - 2*u - 4*u. Determine p(1).
-7
Let c(v) = v**3 - v**2 - 3*v - 4. Suppose 0 = -53*l + 55*l - 6. Give c(l).
5
Let m(y) be the second derivative of -y**4/6 - y**3/6 - y**2/2 + 3*y. Let u(p) be the first derivative of m(p). Calculate u(1).
-5
Let h(i) = -9*i**3 - 2*i**2 + 1. Suppose -2*s + 5 = -7*s - 3*j, -s = j + 1. Determine h(s).
8
Let y(k) = k**3 - 1. Let g(u) = -6*u**3 + 10*u**2 - 8*u - 4. Let q(a) = g(a) + 5*y(a). Give q(9).
0
Let p(h) = 19*h**3 + 2*h. Let n be p(2). Suppose -c = 3*c - n. Let v(x) = -39 - 2*x**2 + c - 3*x. Determine v(-2).
-2
Let h(m) = -3*m**3 + 1. Let o be h(-1). Let y(s) = -3 + o + s + 1. Let b be (-1)/3 - (-78)/18. Calculate y(b).
6
Let c(s) be the first derivative of s**2/2 - 5*s - 6. Suppose 5*y - 1 = 24. Give c(y).
0
Let y(i) = 6*i - 2*i**3 - 11*i**3 - 5*i**2 - 5 + 12*i**3. Give y(-6).
-5
Suppose -5*v - 5*x + 95 = 0, v + 3*x + 55 = 6*v. Suppose v = 5*o - 11. Let h(g) = -8*g - 2 + 3 + 2*g + g**2. Calculate h(o).
-4
Suppose 0 = -7*i + 17 + 46. Let l(b) = b**3 - 9*b**2 + b - 6. Calculate l(i).
3
Let j(u) be the first derivative of -u**3/3 - u**2 - u + 6. What is j(-1)?
0
Suppose -3*d - 18 = -4*d + 4*n, 0 = 4*d - 5*n - 39. Let z(y) = -y**3 + 6*y**2 - y - 6. Calculate z(d).
-12
Let o(b) = -b**3 - 3*b**2 - 2*b - 3. Let h = 10 + -5. Suppose 3*l - 4*n - 3 + 1 = 0, -4*l - 18 = h*n. Determine o(l).
-3
Let h be -11*(2 - 1)*1. Let o = h + 8. Let m(p) = -p + 1. Give m(o).
4
Let d(c) = c**3 + 7*c**2 + 5*c + 7. Let g = -36 + 30. Calculate d(g).
13
Let h(l) be the second derivative of 1/2*l**2 + 3*l + 1/6*l**3 + 0. Let u = 5 - 3. What is h(u)?
3
Suppose -3*k + 18 = -3. Let b(y) = -y**3 + 8*y**2 - 6*y - 8. Give b(k).
-1
Let g = -13 + 6. Let q(j) = j**2 + 7*j + 3. What is q(g)?
3
Let n = 8 - 11. Let f(c) = 2*c + 1. Give f(n).
-5
Let g(z) be the first derivative of -z**4/4 + z**3/3 + 8*z + 27. What is g(0)?
8
Let m(h) be the second derivative of 0*h**4 - 1/2*h**5 + 3*h + 1/2*h**2 + 0 + 1/3*h**3. Calculate m(-1).
9
Let y(o) = -9*o**2 - 19*o + 15. Let d(u) = 5*u**2 + 10*u - 8. Suppose 0*p = 2*p + 22. Let n = -14 + 8. Let g(b) = n*y(b) + p*d(b). What is g(5)?
-7
Let g(h) = -20*h - 26. Let d(n) = 4*n - 2*n - 5 - 6*n. Let v(c) = -11*d(c) + 2*g(c). What is v(-2)?
-5
Let m(h) = 4 - 2*h + h - 3. Let z = 1 - -8. Suppose 7 + z = -4*f. Determine m(f).
5
Let k be (-15)/(-12) + 2/(-8). Let c(v) = v + 0 + k + 2 - 4. Give c(1).
0
Let m = 1 - -3. Suppose 2*z = m*z + 4*s, 27 = -2*z + 5*s. Let x(r) = r**3 + 6*r**2 - 2*r - 9. Determine x(z).
3
Let u(x) = 3 - 6*x**2 + 7*x**2 + x**3 - 2. Calculate u(-2).
-3
Suppose -h + 1 = -5. Let c(l) = -3*l + h*l + 3 - 1. Let u be ((-6)/9)/(1*2/9). What is c(u)?
-7
Let g(c) = -2*c. Let t = 2 - -1. Give g(t).
-6
Let j = 8 + -5. Let x(r) = -r**3 - r**2. Let m(y) = 3*y**3 - 2*y + 3. Let u(b) = -m(b) - 2*x(b). Give u(j).
-6
Let f(t) = 7*t - 11. Let p(k) = 4*k - 6. Let c(a) = -3*f(a) + 5*p(a). What is c(-5)?
8
Let x = -10 + 14. Let z be (2 + -1)*x/(-4). Let y(t) = -6*t**2 - 2*t - 1. What is y(z)?
-5
Suppose 15 = 4*k + 3. Let m(q) = -27*q + 46*q + 3 - 4*q**2 - 17*q + q**3. Calculate m(k).
0
Let a be (-42)/8 - (-2)/8. Let t(y) = -y**2 + 8*y + 2. Let f be t(8). Let v(n) = 5*n + n**f + 0*n**2 + 3 - 5 + 4. Determine v(a).
2
Let d(s) = 3*s - 1. Let g be d(1). Let h(x) = -5*x - 2. Let v(c) = c. Let q(i) = h(i) + 6*v(i). Calculate q(g).
0
Let x(k) be the second derivative of k**5/20 + k**4/3 - 2*k**3/3 + k**2/2 - 2*k. Let r be (-429)/91 - 2/7. What is x(r)?
-4
Let a = -18 + 24. Let u(n) = n**2 - 6*n + 2. What is u(a)?
2
Let o be (6/4)/((-6)/(-40)). Suppose -3*l = 2*l - o. Let c(j) = -3*j**l - 3*j**2 - 5 + 5*j**2 - 7*j. Give c(-5).
5
Let f(z) = -z + 3. Let v be f(5). Let u(s) = s**2 - s. Give u(v).
6
Let d(v) be the second derivative of -v**4/12 + v**3/2 + v**2 - 3*v. Suppose -w + 2 = -0*w. Suppose 2*l = -4*u + 10 - w, 0 = u + l. Calculate d(u).
-2
Let l(c) be the second derivative of c**4/12 - c**3/2 - 3*c**2/2 - 3*c. Let v(t) be the first derivative of l(t). What is v(5)?
7
Suppose -2*w + 5*w - 15 = -5*f, 0 = 2*w - 2*f + 6. Let l(d) = d**2 - d - 11. Calculate l(w).
-11
Let h(z) = -z**2 - 9*z - 7. Suppose 4*c + 7 - 46 = -3*t, 0 = -3*t + 15. Let u(s) = -s**2 - 8*s - 6. Let y(o) = c*u(o) - 5*h(o). Calculate y(-3).
-1
Let o = 2 + 0. Suppose 0 = -2*a - a. Let x(z) = 2*z - 2 + a*z - 3*z. Determine x(o).
-4
Let l(u) = u + 5. Suppose 4*s + 21 = 4*f - s, 5*f - 2*s - 22 = 0. Determine l(f).
9
Let t(j) = -9*j**2 + j + 4. Let f(w) = 22*w**2 - 2*w - 10. Let y(s) = -5*f(s) - 12*t(s). What is y(-2)?
-2
Let s(o) = -2*o**2 + 1. Suppose 12*p = 10*p - 2. What is s(p)?
-1
Suppose 32*r - 31*r - 6 = 0. Let a(b) = -b**2 + 7*b - 2*b + 8 - 1 + b. Calculate a(r).
7
Let g(d) = d - 5. Let u(j) = -2*j - 3. Let i be u(-6). Suppose 3*b - 5 = -r, -r + 0*r = -5*b - 29. Let k = r - i. What is g(k)?
0
Let s(m) = m**3 + 10*m**2 + 6*m + 8. Let y(h) = -2*h**3 - 21*h**2 - 11*h - 17. Let t(l) = 5*s(l) + 2*y(l). Calculate t(-7).
-1
Let p be 1 + 0 + 1*-7. Let t(k) = 9*k**2 + 7*k - 3. Let j(b) = -11*b**2 - 7*b + 4. Let a(x) = -4*j(x) - 5*t(x). What is a(p)?
5
Let l(h) = h - 1. Let c = -6 - -10. Suppose -38 = 5*b - 3*n, 3*b = 5*n - c - 6. Let o be b/3 - 4/(-12). Give l(o).
-4
Let q(t) = -3*t**2 + t - 2*t - 4*t**3 - 3 + 5*t**3. Let r(u) = -u. Let d be r(6). Let j(n) = -n**3 - 5*n**2 + 5*n - 3. Let z be j(d). What is q(z)?
-6
Let a(r) = r**3 - r**2 - 1. Let l(h) = -3*h**3 - h**2 - 4*h - 2. Let f(s) = a(s) + l(s). Calculate f(-2).
13
Suppose 4*h - 22 = 58. Suppose -2*p + r = -h, p + r + r = 0. Let m(n) = -n**3 + n - 5 - p*n + n + 7*n**2. Give m(6).
-5
Suppose 2*w - 2 - 5 = -y, -5*y - 25 = 0. Suppose 2*r = -5*q + w + 17, 0 = 2*q + 3*r - 18. Let i(a) be the first derivative of a**2 - 3*a + 110. What is i(q)?
3
Suppose t - 7 = -3. Let q(f) = 3 - 2 - 2 + 0*f - 3*f. Calculate q(t).
-13
Let i(c) = 24*c**2 - 16*c. Let f(n) = -n**2 + n. Let g(t) = 16*f(t) + i(t). Suppose -4*z = -5*u + 24, -4*u = -z - 8 - 9. Calculate g(z).
8
Let v(x) be the third derivative of 0*x - 1/3*x**3 + 0 - x**2 + 1/12*x**4. Let d = 0 + 4. Determine v(d).
6
Let g(l) = l + 1. Let s(j) = -j - 2. Let v(o) = 5*g(o) + 4*s(o). Determine v(0).
-3
Let b(i) = i**3 + i**2 - 2*i + 9. Let o(r) = -r**3 - 2*r**2 + r - 10. Let y(g) = 6*b(g) + 5*o(g). Give y(5).
-6
Let c be (-6)/4 + 9/2. Let z(h) = -h**c + 3 - 2*h**2 + 4*h**2 + 0*h**3 - 6*h**2 + h. Let u(p) = p - 9. Let w be u(5). Give z(w).
-1
Let q(m) = -m - 1. Let r(w) = -w. Let z(p) = -5*q(p) + 6*r(p). Determine z(-4).
9
Let n be -2*15/(-6)*1. Let t(d) be the third derivative of -d**5/60 + d**4/4 + d**3/3 + 4*d**2. Determine t(n).
7
Let p(v) = -3*v**3 + v**2. Let u be 3 - (6 - (-4 - -8)). Calculate p(u).
-2
Let w(i) be the third derivative of i**4/8 - i**3/2 - 11*i**2. What is w(3)?
6
Suppose -c = 4*c - 20. Let z(f) = 0 + f**2 + 6 - 8*f + f. Determine z(c).
-6
Let o(x) be the first derivative of -x**3/3 + 3*x**2 - 4*x - 3. Give o(6).
-4
Let f(x) = x**2 - 4*x - 3. Suppose 0 = -3*a + 5*u + 15, 5*u + 5 = -2*a + 3*a. Suppose 6*o = 7*o - a. What is f(o)?
2
Let j(x) = 7*x - 9. Let s(l) = -13*l + 17. Let m(a) = -11*j(a) - 6*s(a). Give m(6).
3
Let u(g) = 0*g**2 - 10*g + 4 - g**2 + 5*g. Let i(n) = 2*n - 2. Let l be i(3). Suppose 0 = v - 0*v - z + 5, -v = l*z + 5. Calculate u(v).
4
Let h(y) = -139 - 4*y + 0*y**3 + y**3 - 7*y**2 - 2*y**3 + 145. Give h(-6).
-6
Let t(z) = -4*z - 4. Let r(k) = 2*k + 1. Let m be r(-2). Calculate t(m).
8
Let n be 3/2*(-128)/48. Let v(x) = -2*x - 5. Determine v(n).
3
Let g(n) be the second derivative of n**4/4 - n**2/2 + 2*n. Let l be g(1). Let y(d) = d**2 + d - 2. What is y(l)?
4
Let q(w) = -3*w**3 - 5*w**2 - w + 5. Let t(r) = -r**3 + r**2 - r. Let o(p) = -q(p) + 2*t(p). Give o(-7).
2
Let x(u) = 4*u + 2. Let s(m) = 15*m + 106. Let r be s(-7). Determine x(r).
6
Let j(z) = z**3 - 9*z**2 + 8*z + 6. Let h be j(8). Let a(x) = x**2 - 6*x + 2. Let w be a(h). Let c(t) = 2*t**2 - 2*t + 2. What is c(w)?
6
Let f(q) = q**3 - 9*q**2 - 10*q + 2. Let d be f(10). Suppose -2*x - d = 4*p - 4, 4*x + 4 = 0. Let w(c) = 3*c**2 + 2*c - 1. Give w(p).
4
Let l(f) = -f**3 + 5*f**2 - f + 7. Suppose -6*d + 10 = -4*d. Give l(d).
2
Let u(q) = -q**2 + 5*q + 4. Suppose -2*y = -3*y + 5. Let z be u(y). Let k(g) = 4*g**2 - 9 + 8 + 